 729593?
3
What is the tens digit of 4894203?
0
What is the units digit of 7724690?
0
What is the tens digit of 841117?
1
What is the units digit of 117876?
6
What is the hundreds digit of 7032765?
7
What is the tens digit of 14202006?
0
What is the hundred thousands digit of 21986282?
9
What is the thousands digit of 3057973?
7
What is the tens digit of 115998?
9
What is the hundreds digit of 844225?
2
What is the units digit of 2387252?
2
What is the tens digit of 59902?
0
What is the hundreds digit of 13315464?
4
What is the hundred thousands digit of 20388750?
3
What is the thousands digit of 5255124?
5
What is the tens digit of 20819117?
1
What is the thousands digit of 3050457?
0
What is the hundreds digit of 1325858?
8
What is the thousands digit of 8949673?
9
What is the tens digit of 2065484?
8
What is the hundreds digit of 229051?
0
What is the hundreds digit of 3782602?
6
What is the millions digit of 4631176?
4
What is the millions digit of 4785295?
4
What is the units digit of 968669?
9
What is the hundred thousands digit of 2132738?
1
What is the hundreds digit of 1936355?
3
What is the ten thousands digit of 2723314?
2
What is the hundred thousands digit of 272416?
2
What is the tens digit of 28260498?
9
What is the hundred thousands digit of 226945?
2
What is the ten thousands digit of 89506?
8
What is the thousands digit of 544382?
4
What is the hundred thousands digit of 31111671?
1
What is the thousands digit of 5531367?
1
What is the tens digit of 844962?
6
What is the hundred thousands digit of 14633239?
6
What is the tens digit of 112702?
0
What is the tens digit of 532348?
4
What is the hundreds digit of 1482620?
6
What is the tens digit of 1099605?
0
What is the hundreds digit of 71844?
8
What is the ten thousands digit of 175479?
7
What is the tens digit of 28259?
5
What is the tens digit of 1285989?
8
What is the thousands digit of 658472?
8
What is the units digit of 71429?
9
What is the thousands digit of 1548325?
8
What is the thousands digit of 1620826?
0
What is the units digit of 1366851?
1
What is the hundreds digit of 146668?
6
What is the units digit of 21486966?
6
What is the units digit of 335753?
3
What is the hundred thousands digit of 417981?
4
What is the units digit of 13803?
3
What is the thousands digit of 251265?
1
What is the ten thousands digit of 21833795?
3
What is the hundreds digit of 58292?
2
What is the tens digit of 127924?
2
What is the units digit of 5658701?
1
What is the hundreds digit of 652729?
7
What is the hundreds digit of 133345?
3
What is the tens digit of 3535364?
6
What is the tens digit of 151379?
7
What is the thousands digit of 133840?
3
What is the hundred thousands digit of 670079?
6
What is the tens digit of 745802?
0
What is the hundreds digit of 2272008?
0
What is the hundreds digit of 343451?
4
What is the ten thousands digit of 1989719?
8
What is the ten thousands digit of 2057428?
5
What is the hundreds digit of 130046?
0
What is the thousands digit of 1065945?
5
What is the hundred thousands digit of 481148?
4
What is the hundreds digit of 8358059?
0
What is the hundreds digit of 237748?
7
What is the tens digit of 371124?
2
What is the thousands digit of 387618?
7
What is the tens digit of 783466?
6
What is the ten thousands digit of 595751?
9
What is the hundreds digit of 10307?
3
What is the tens digit of 588323?
2
What is the hundred thousands digit of 668277?
6
What is the ten thousands digit of 2430228?
3
What is the thousands digit of 1409787?
9
What is the tens digit of 4393621?
2
What is the hundred thousands digit of 111175?
1
What is the hundred thousands digit of 480346?
4
What is the tens digit of 4990843?
4
What is the thousands digit of 1897285?
7
What is the millions digit of 6268891?
6
What is the hundred thousands digit of 1885764?
8
What is the units digit of 441094?
4
What is the hundreds digit of 12639746?
7
What is the hundreds digit of 79498?
4
What is the thousands digit of 487442?
7
What is the thousands digit of 258969?
8
What is the hundreds digit of 3088305?
3
What is the ten thousands digit of 1395356?
9
What is the hundred thousands digit of 2585153?
5
What is the tens digit of 637640?
4
What is the millions digit of 2798613?
2
What is the hundreds digit of 628867?
8
What is the hundreds digit of 236270?
2
What is the tens digit of 705315?
1
What is the tens digit of 1470?
7
What is the units digit of 26557?
7
What is the hundred thousands digit of 1565993?
5
What is the tens digit of 629661?
6
What is the hundreds digit of 19572308?
3
What is the units digit of 3744930?
0
What is the tens digit of 4519036?
3
What is the thousands digit of 1429633?
9
What is the thousands digit of 241819?
1
What is the thousands digit of 1200?
1
What is the ten thousands digit of 25559223?
5
What is the tens digit of 202172?
7
What is the tens digit of 751703?
0
What is the tens digit of 258373?
7
What is the units digit of 1035671?
1
What is the hundred thousands digit of 4742441?
7
What is the thousands digit of 539793?
9
What is the tens digit of 682262?
6
What is the hundreds digit of 13477?
4
What is the units digit of 328229?
9
What is the units digit of 327939?
9
What is the thousands digit of 377080?
7
What is the units digit of 178789?
9
What is the units digit of 498464?
4
What is the tens digit of 71866?
6
What is the tens digit of 991977?
7
What is the thousands digit of 253144?
3
What is the tens digit of 126355?
5
What is the units digit of 154002?
2
What is the ten thousands digit of 10247919?
4
What is the thousands digit of 1392789?
2
What is the tens digit of 159508?
0
What is the millions digit of 25183088?
5
What is the hundred thousands digit of 2365348?
3
What is the units digit of 2084629?
9
What is the ten thousands digit of 2424341?
2
What is the hundreds digit of 99444?
4
What is the ten millions digit of 23671961?
2
What is the thousands digit of 1103657?
3
What is the hundreds digit of 857836?
8
What is the thousands digit of 9555432?
5
What is the units digit of 22189590?
0
What is the hundreds digit of 3088?
0
What is the units digit of 974783?
3
What is the ten thousands digit of 172963?
7
What is the ten thousands digit of 357725?
5
What is the units digit of 270722?
2
What is the hundred thousands digit of 577870?
5
What is the tens digit of 3398813?
1
What is the thousands digit of 4353103?
3
What is the tens digit of 1047021?
2
What is the thousands digit of 20063640?
3
What is the hundred thousands digit of 9041423?
0
What is the thousands digit of 3214876?
4
What is the ten thousands digit of 800682?
0
What is the ten millions digit of 16701268?
1
What is the tens digit of 248041?
4
What is the units digit of 33170374?
4
What is the hundred thousands digit of 2390174?
3
What is the ten thousands digit of 6290367?
9
What is the units digit of 849718?
8
What is the units digit of 113353?
3
What is the hundreds digit of 387947?
9
What is the hundred thousands digit of 4607738?
6
What is the ten thousands digit of 102391?
0
What is the tens digit of 21760725?
2
What is the tens digit of 281138?
3
What is the hundreds digit of 32214643?
6
What is the hundred thousands digit of 738232?
7
What is the ten thousands digit of 7728463?
2
What is the millions digit of 1504720?
1
What is the ten thousands digit of 2214034?
1
What is the hundreds digit of 1157004?
0
What is the millions digit of 5024549?
5
What is the hundreds digit of 2307021?
0
What is the units digit of 59280?
0
What is the thousands digit of 4304805?
4
What is the tens digit of 1010975?
7
What is the millions digit of 18403531?
8
What is the thousands digit of 4921592?
1
What is the millions digit of 4481388?
4
What is the millions digit of 2959852?
2
What is the ten thousands digit of 280904?
8
What is the hundreds digit of 168482?
4
What is the units digit of 65816?
6
What is the thousands digit of 80945?
0
What is the thousands digit of 24304?
4
What is the hundreds digit of 347118?
1
What is the ten thousands digit of 86094?
8
What is the hundred thousands digit of 6179625?
1
What is the units digit of 2988027?
7
What is the units digit of 25998?
8
What is the tens digit of 23105?
0
What is the ten thousands digit of 927715?
2
What is the tens digit o